. What is the highest common divisor of 52 and h?
2
Suppose 0*r - s = -3*r + 759, 0 = 5*s + 15. Let d = -164 + r. What is the greatest common divisor of d and 110?
22
Let u be ((-15)/9)/(4/1824). Let m be u/(-24)*1*3 + 5. Calculate the highest common factor of 175 and m.
25
Let x(k) = 42*k - 960. Let b be x(28). What is the highest common factor of b and 4392?
72
Let g(z) = -z**3 - 17*z**2 - 49*z + 19. Let s be g(-3). Suppose -4*v + 2 + 254 = 0. Calculate the highest common divisor of v and s.
8
Let p = 259 + -178. Suppose -24*l + 1512 = 4*l. What is the greatest common factor of p and l?
27
Suppose s + p = -4*s + 4063, 2*p - 6 = 0. Calculate the highest common divisor of 28 and s.
28
Let b(j) = -j**3 - 14*j**2 - 4*j + 27. Let y be b(-15). Let h = 346 - y. Let k = 461 + -223. What is the greatest common divisor of h and k?
34
Suppose 6*f = 2692 + 2048. Suppose 5*y - f = 5*s, y + 6 - 144 = -4*s. What is the highest common factor of 42 and y?
14
Let h(j) = j**2 + 5*j + 31. Let a = 335 - 343. Let q be h(a). Let v be (-1)/(-2 - 9/(-5)). What is the highest common factor of v and q?
5
Let t(v) = -21*v. Let j be t(-1). Suppose -2*m + 8 = -4*r - 60, 3*r - 3*m = -48. Let f be r/(-36) + (-5)/(-2). Calculate the highest common divisor of f and j.
3
Let f(q) = -14*q**2 + 136*q + 6. Let j be f(3). Calculate the highest common factor of j and 18.
18
Let y be (549 - -19)*6/8. Suppose 8*m - 62 - y = 0. Let k = 65 - m. What is the highest common divisor of k and 32?
4
Let v = -6781 + 7750. What is the greatest common factor of 68 and v?
17
Suppose 0 = 5*q + 3*d + 85, -13 - 40 = 2*q + 5*d. Let c = q + 5. Let l be 3864/108 - 2/c. Calculate the greatest common factor of l and 9.
9
Let l(x) = x**3 + 13*x**2 - 11*x + 9. Let f be l(6). What is the highest common factor of f and 1287?
33
Suppose -3*h = -3*l - 1452, -h - 5*l - 274 + 734 = 0. Calculate the greatest common divisor of h and 100.
20
Let c(r) = -8*r - 9. Suppose -4*o + 30 = f - 0*f, -5*o + 38 = f. Let h = 5 - o. Let n be c(h). What is the highest common divisor of 5 and n?
5
Let m be 6/(-2)*42/(-63). Suppose -2*v + m*z = -11 - 5, 0 = 3*z + 12. What is the greatest common factor of 6 and v?
2
Let l be (-20)/(-55) + (-29990)/(-110). What is the highest common divisor of l and 42?
21
Suppose -5*g + 90 = -0. Suppose -p + 7 + 1 = f, 4*p - 5*f + 4 = 0. Suppose -3*w - 12 = -p*w. What is the greatest common factor of w and g?
6
Suppose 0 = -22*w + 253 + 275. Let l(b) = 6*b - 103. Let s be l(w). What is the greatest common divisor of s and 328?
41
Suppose -6*j + 14 = -298. Let m = 54 - j. Suppose -4*c - 3*n = -87, -m*c - 2*c + 4*n = -108. Calculate the highest common factor of 18 and c.
6
Suppose q - 5*m - 5467 = 0, 919*q - 4*m - 16357 = 916*q. What is the greatest common divisor of 13 and q?
13
Let u = -33 + 39. Let o be (60/(-36))/((-1)/u). Suppose -5*t - 20 = -9*t, 270 = 4*s - 2*t. What is the greatest common factor of o and s?
10
Let g(m) = 424*m**2 + 96*m - 130. Let z be g(7). What is the highest common divisor of z and 19?
19
Let h(u) = u**3 + u**2 - 2*u + 22. Let c be h(0). Suppose -5*r + 233 + 87 = -2*i, 0 = 2*r - 5*i - 107. Calculate the highest common divisor of c and r.
22
Suppose -4*z - 208 = -k, -21*k = -23*k - 4*z + 464. What is the greatest common divisor of k and 406?
14
Let p = -2129 + 4203. Calculate the greatest common factor of p and 119.
17
Let x = 587 - -259. Let n = x + -792. What is the highest common factor of 351 and n?
27
Let p(s) = s**2 - 172*s - 4011. Let j be p(-23). Calculate the greatest common divisor of 96 and j.
6
Suppose 33*g + 20 = 37*g. Suppose 4*v = -g*f + 949, v - 4*f = -0*f + 211. What is the greatest common factor of v and 21?
21
Suppose c + 1062 = 5*p - 482, 3*p + 4*c - 908 = 0. What is the highest common factor of 4774 and p?
154
Let o = -9202 - -9227. Suppose -2*r + 783 + 817 = 0. What is the highest common factor of r and o?
25
Let g be (-8 - 194/(-8)) + ((-27)/4)/(-9). Calculate the highest common divisor of g and 816.
17
Let d = -172 - -166. Let k(z) = -16*z - 24. Let i be k(d). What is the highest common divisor of 8 and i?
8
Let v(s) = -s**3 + s**2 + 6*s + 4. Let f be v(-4). Suppose -f = p - 63. What is the greatest common divisor of p and 75?
3
Let u = 137 + -135. Suppose -210 = -u*t - 5*t. What is the greatest common divisor of t and 18?
6
Let p = 5 + 6. Let a(u) = -u + 121. Let w be a(33). What is the greatest common factor of p and w?
11
Let p(o) = 465*o**2 + 2*o + 1. Let x be (-4)/(-12) - 8/6. Let i be p(x). What is the highest common divisor of i and 58?
58
Suppose -2*n - n + 11 = -4*d, 5*d + 5 = 2*n. Let r be (15/10 - d)*-2. Let p be 26/(1*(0 - r)). What is the highest common divisor of 65 and p?
13
Let f(g) = 37*g**2 - 3*g + 1. Let l be f(2). Let c(a) = 2*a**2 + 11*a - 40. Let k be c(5). Calculate the greatest common factor of k and l.
13
Let w = 2039 + -2007. Let z be (-482)/(-15) - 2/15. Calculate the highest common divisor of z and w.
32
Let d = 4618 + -4530. Let w(g) = g**3 - g**2 - g + 11. Let p be w(0). What is the highest common divisor of p and d?
11
Suppose 0 = -38*v + 44*v - 69*v + 46305. What is the highest common factor of 8330 and v?
245
Suppose -339*i + 1139 = -322*i - 646. Calculate the greatest common factor of 5649 and i.
21
Let n = -141 + 146. Let f be 22 + (5 - 5)/n. Calculate the highest common factor of 22 and f.
22
Let u be 66/(-9)*(-12)/(-8). Let o(i) = 11*i + 123. Let z be o(u). What is the greatest common factor of 3 and z?
1
Let y(c) = 20*c - 10. Let i = -3 - -6. Let b be y(i). Suppose -40 = -b*s + 46*s. What is the highest common divisor of s and 4?
2
Suppose h + 0*h = 11. Let c be (-22)/11 - (-5 - -1). Suppose 354 = 4*z + c*o, 5*z + 4*o = 423 + 21. Calculate the highest common factor of z and h.
11
Suppose 4*d - 124 = 6*d. Let q = -14379 + 14450. Let k = q + d. Calculate the greatest common factor of k and 36.
9
Suppose -145 = -3*r + 302. Suppose 3*b + 4*h = -42 + 240, -3*h = -2*b + r. What is the greatest common divisor of b and 28?
14
Let r(n) = 30 + 19 - 21 - 2*n**2 + 15*n + 10*n. Let t be r(13). What is the greatest common factor of 45 and t?
15
Suppose 4*y - 640 = -2*j, -135 = -4*j - 4*y + 1141. Calculate the greatest common factor of 3074 and j.
106
Let h = 14942 - 14517. Calculate the greatest common divisor of h and 1003.
17
Let x(z) = -4*z**3 - 10*z**2 + 34*z + 251. Let d be x(-7). Calculate the greatest common factor of 5 and d.
5
Let b be (914/(-11))/(124/(-682))*10. Calculate the greatest common divisor of 40 and b.
10
Suppose -h + 2*h + 20 = -4*y, 15 = 3*h - 3*y. Suppose h = -3*c + 3*m + 255, 6*m = 4*c + 9*m - 312. What is the highest common divisor of c and 54?
27
Let m(b) = -b**3 + 5*b**2 - 4*b + 2. Let o be m(4). Let q be (-6)/(-14 + 432/24 - 38/8). What is the greatest common factor of o and q?
2
Let p be 23 - 575/125 - (-4)/(-10). Calculate the greatest common factor of 396 and p.
18
Let s be -21*((-1)/(-2) - (-2)/4). Let z = s - -18. Let k be 2 + -4 - z*4. What is the highest common factor of k and 70?
10
Let g be 86/4 + 30/20. Suppose -22*s = -g*s + 6. Calculate the greatest common factor of s and 48.
6
Suppose -10*f - 15 + 25 = 0. Let a be (4 - -336) + (f - -4 - 4). What is the greatest common factor of a and 31?
31
Let k = 90 + -88. Suppose -4*j - 507 = -2*b - j, -5*j = -k*b + 509. What is the highest common factor of 28 and b?
28
Let k(f) = -f**2 - 6*f + 1. Let j be k(-6). Suppose -7*x - 19*x + 382 = -268. Calculate the greatest common divisor of x and j.
1
Let j = 15086 + -15029. Calculate the highest common divisor of 57 and j.
57
Suppose 2*w = -3*b + 23, -w - b = 1 - 11. Let z be w/(-28)*4 - -3. What is the greatest common divisor of 46 and z?
2
Suppose 519 - 279 = 15*v. What is the highest common factor of 664 and v?
8
Let m(r) = -r**3 + r**2 + 92. Let v be m(0). Let g = v - 79. Let o(l) = 3*l - 29. Let a be o(g). What is the highest common divisor of 90 and a?
10
Let t be ((-38)/8 - -5)/((-3)/156). Let c be 4/18 + t/(1053/(-25254)). What is the highest common factor of 24 and c?
24
Let i(x) = 190*x**2 - 952*x + 11. Let h be i(5). What is the highest common factor of 983 and h?
1
Suppose 0 = -3*b - 3, -2*u + 3 + 1 = 4*b. Suppose -25 = u*g - 81. What is the greatest common factor of 4 and g?
2
Let i